{"id":359,"date":"2020-09-23T11:14:02","date_gmt":"2020-09-23T09:14:02","guid":{"rendered":"https:\/\/sites.aopc.com\/recover\/physiotherapy-copy-4\/"},"modified":"2022-05-31T09:44:07","modified_gmt":"2022-05-31T07:44:07","slug":"sport-injuries","status":"publish","type":"page","link":"https:\/\/sites.aopc.com\/recover\/sport-injuries\/","title":{"rendered":"Sportverletzungen"},"content":{"rendered":"\t\t<div data-elementor-type=\"wp-page\" data-elementor-id=\"359\" class=\"elementor elementor-359\">\n\t\t\t\t\t\t\t\t\t<section class=\"elementor-section elementor-top-section elementor-element elementor-element-11fbd714 elementor-section-full_width elementor-section-height-default elementor-section-height-default\" data-id=\"11fbd714\" data-element_type=\"section\">\n\t\t\t\t\t\t<div class=\"elementor-container elementor-column-gap-no\">\n\t\t\t\t\t<div class=\"elementor-column elementor-col-100 elementor-top-column elementor-element elementor-element-4caa3b3c\" data-id=\"4caa3b3c\" data-element_type=\"column\">\n\t\t\t<div class=\"elementor-widget-wrap elementor-element-populated\">\n\t\t\t\t\t\t\t\t<div class=\"elementor-element elementor-element-258b36c elementor-widget elementor-widget-resox_service_single\" data-id=\"258b36c\" data-element_type=\"widget\" data-widget_type=\"resox_service_single.default\">\n\t\t\t\t<div class=\"elementor-widget-container\">\n\t\t\t<div class=\"service-details-content\">\n\t<div class=\"content-one\">\n\t\t\t\t<div class=\"text\">\n\t\t\t<!-- Title -->\n\t\t\t<h4 class=\"typo-title-text\">\n\t\t\t\tSportverletzungen\t\t\t<\/h4>\n\t\t\t<!-- Title -->\n\n\t\t\t<!-- content -->\n\t\t\t<p class=\"typo-content-text\">Hobby- und Leistungssportler beanspruchen Ihre Muskulatur, die Gelenke und den Bandapparat weit \u00fcber das normale Ma\u00df hinaus. <\/p>\n\t\t\t<p class=\"typo-content-text\">Im Profi- und Freizeitsport kommt es nicht selten zur schweren Verletzungen und erheblichen Verschlei\u00dferscheinungen. Wir helfen das urspr\u00fcngliche Leistungsverm\u00f6gen nach Verletzungen oder Operationen wiederherzustellen. <\/p>\n\t\t\t<!-- content -->\n\n\n\t\t<\/div>\n\t<\/div>\n<\/div>\n\t\t\t\t<\/div>\n\t\t\t\t<\/div>\n\t\t\t\t<div class=\"elementor-element elementor-element-dce7bbf elementor-widget elementor-widget-resox_service_single\" data-id=\"dce7bbf\" data-element_type=\"widget\" data-widget_type=\"resox_service_single.layout_2\">\n\t\t\t\t<div class=\"elementor-widget-container\">\n\t\t\t\n<!-- service-page-section -->\n<div class=\"service-details-content\">\n\t<div class=\"two-column\">\n\t\t<div class=\"row clearfix\">\n\t\t\t\t\t\t<div class=\"col-lg-6 col-md-6 col-sm-12 image-column\">\n\t\t\t\t<figure class=\"image-box\"><img decoding=\"async\" src=\"https:\/\/sites.aopc.com\/recover\/wp-content\/uploads\/2022\/05\/pexels-andrea-piacquadio-3752836_370x370.jpg\" loading=\"lazy\" alt=\"team image\"\/><\/figure>\n\t\t\t<\/div>\n\t\t\t\t\t\t<div class=\"col-lg-6 col-md-6 col-sm-12 text-column\">\n\t\t\t\t<div class=\"text\">\n\t\t\t\t\t<!-- Title -->\n\t\t\t\t\t<h3 class=\"typo-title-text\">\n\t\t\t\t\t\tLeistungsverm\u00f6gen wiederherstellen\t\t\t\t\t<\/h3>\n\t\t\t\t\t<!-- Title -->\n\t\t\t\t\t<h4 class=\"typo-content-text\">Besonderes Wissen und Verst\u00e4ndnis f\u00fcr die Entstehung von Sportverletzungen<\/h4>\n\t\t\t\t\t <ul class=\"list-item clearfix\">\n                                                <li>Postoperative Physiotherapie<\/li>\n                                                <li>Spezielles Wissen der Biomechanik<\/li>\n                                                <li>Individuelles Training<\/li>\n                                                <li>Neuroathletik<\/li>\n                                            <\/ul>\t\t\t\t<\/div>\n\t\t\t<\/div>\n\t\t<\/div>\n\t<\/div>\n<\/div>\n<!-- service-page-section end -->\n\t\t\t\t<\/div>\n\t\t\t\t<\/div>\n\t\t\t\t<div class=\"elementor-element elementor-element-3f3dbb71 elementor-widget elementor-widget-resox_faq\" data-id=\"3f3dbb71\" data-element_type=\"widget\" data-widget_type=\"resox_faq.default\">\n\t\t\t\t<div class=\"elementor-widget-container\">\n\t\t\t\t\t\t\t\t\t\t\t<div class=\"service-details-content\">\n\t\t\t\t\t\t\t<div class=\"accordion-inner\"> \t\t\t\t\t\t\t\t<ul class=\"accordion-box\">\n\t\t\t\t\t\t\t\t\t\t\t\t\t\t\t\t\t\t<li class=\"accordion block \n\t\t\t\t\t\t\t\t\t\tactive-block\t\t\t  \">\n\t\t\t\t\t\t\t\t\t\t<div class=\"acc-btn \n\t\t\t\t\t\t\t\t\t\tactive\t\t\t\">\n\t\t\t\t\t\t\t\t\t\t\t<div class=\"icon-outer\"><i class=\"far fa-angle-up\"><\/i><\/div>\n\t\t\t\t\t\t\t\t\t\t\t<h5>Eine erfolgreiche Rehabilitation<\/h5>\n\t\t\t\t\t\t\t\t\t\t<\/div>\n\t\t\t\t\t\t\t\t\t\t<div class=\"acc-content \n\t\t\t\t\t\t\t\t\t\tcurrent\t\t\t\t\t\t\t\t\t\t\t\t\t\t\">\n\t\t\t\t\t\t\t\t\t\t\t<div class=\"text\">\n\t\t\t\t\t\t\t\t\t\t\t\t<p>Mit unserer speziell entwickelten postoperativen Physiotherapie machen wir sie schnell wieder fit. <\/p>\n\t\t\t\t\t\t\t\t\t\t\t<\/div>\n\t\t\t\t\t\t\t\t\t\t<\/div>\n\t\t\t\t\t\t\t\t\t<\/li>\n\t\t\t\t\t\t\t\t\t\t\t\t\t\t\t\t\t\t\t<li class=\"accordion block \n\t\t\t\t\t\t\t\t\t\t\t\t\t  \">\n\t\t\t\t\t\t\t\t\t\t<div class=\"acc-btn \n\t\t\t\t\t\t\t\t\t\t\t\t\t\">\n\t\t\t\t\t\t\t\t\t\t\t<div class=\"icon-outer\"><i class=\"far fa-angle-up\"><\/i><\/div>\n\t\t\t\t\t\t\t\t\t\t\t<h5>Neuroathletik <\/h5>\n\t\t\t\t\t\t\t\t\t\t<\/div>\n\t\t\t\t\t\t\t\t\t\t<div class=\"acc-content \n\t\t\t\t\t\t\t\t\t\t\t\t\t\t\t\t\t\t\t\t\t\t\t\t\">\n\t\t\t\t\t\t\t\t\t\t\t<div class=\"text\">\n\t\t\t\t\t\t\t\t\t\t\t\t<p>Wir arbeiten mit f\u00fchrenden Spezialisten des neurozentrierten Trainings zusammen. So sind wir immer auf den neusten Stand. Das kommt auch Ihnen zugute. <\/p>\n\t\t\t\t\t\t\t\t\t\t\t<\/div>\n\t\t\t\t\t\t\t\t\t\t<\/div>\n\t\t\t\t\t\t\t\t\t<\/li>\n\t\t\t\t\t\t\t\t\t\t\t\t\t\t\t\t\t\t\t<li class=\"accordion block \n\t\t\t\t\t\t\t\t\t\t\t\t\t  \">\n\t\t\t\t\t\t\t\t\t\t<div class=\"acc-btn \n\t\t\t\t\t\t\t\t\t\t\t\t\t\">\n\t\t\t\t\t\t\t\t\t\t\t<div class=\"icon-outer\"><i class=\"far fa-angle-up\"><\/i><\/div>\n\t\t\t\t\t\t\t\t\t\t\t<h5>Vorbeugung<\/h5>\n\t\t\t\t\t\t\t\t\t\t<\/div>\n\t\t\t\t\t\t\t\t\t\t<div class=\"acc-content \n\t\t\t\t\t\t\t\t\t\t\t\t\t\t\t\t\t\t\t\t\t\t\t\t\">\n\t\t\t\t\t\t\t\t\t\t\t<div class=\"text\">\n\t\t\t\t\t\t\t\t\t\t\t\t<p>Mit unserem physiotherapeutischen Behandlungsansatz sch\u00fctzen Sie sich auch vor erneuten Verletzungen. Probieren Sie es aus.<\/p>\n\t\t\t\t\t\t\t\t\t\t\t<\/div>\n\t\t\t\t\t\t\t\t\t\t<\/div>\n\t\t\t\t\t\t\t\t\t<\/li>\n\t\t\t\t\t\t\t\t\t\t\t\t\t\t\t\t\t\t<\/ul>\n\n\t\t\t\t\t\t\t\t\t\t\t\t\t\t\t<\/div>\n\t\t\t\t\t\t<\/div> \t\t\t\t<\/div>\n\t\t\t\t<\/div>\n\t\t\t\t<div class=\"elementor-element elementor-element-53c28448 elementor-widget elementor-widget-resox_service_single\" data-id=\"53c28448\" data-element_type=\"widget\" data-widget_type=\"resox_service_single.layout_3\">\n\t\t\t\t<div class=\"elementor-widget-container\">\n\t\t\t\n<!-- service-page-section -->\n<div class=\"service-details-content\">\n\t<div class=\"content-two\">\n\t\t<div class=\"text\">\n\t\t\t<!-- Title -->\n\t\t\t<h4 class=\"typo-title-text\">\n\t\t\t\tUnsere Vorteile\t\t\t<\/h4>\n\t\t\t<!-- Title -->\n\t\t\t<p class=\"typo-content-text\">Individualisierte Behandlung auf der Gundlage der aktuellsten neurowissenschaftlichen Erkenntnisse. <\/p>\n\t\t<\/div>\n\t\t<div class=\"inner-box\" \n\t\t>\n\t\t\t<ul class=\"list-item clearfix\">\n\t\t\t\t\t\t\t\t<li>Neuroathletik<\/li>\n\t\t\t\t\t\t\t\t\t<li>Spezielles Wissen der Biomechanik<\/li>\n\t\t\t\t\t\t\t\t\t<li>Integration in das t\u00e4gliche Training<\/li>\n\t\t\t\t\t\t\t\t\t<li>Aktive Trainer bei Gro\u00dfveranstaltungen<\/li>\n\t\t\t\t\t\t\t\t<\/ul>\n\t\t<\/div>\n\t\t<div class=\"text\">\n\t\t\t<p class=\"typo-content-text\">Wir legen den Schwerpunkt auf die <span>Professionalisierung  von Trainingsprozessen <\/span>und Optimierung von Bewegunsabl\u00e4ufen. Wir denken Training neu!<\/p>\n\t\t<\/div>\n\t<\/div>\n<\/div>\n\n\n<!-- service-page-section end -->\n\t\t\t\t<\/div>\n\t\t\t\t<\/div>\n\t\t\t\t\t<\/div>\n\t\t<\/div>\n\t\t\t\t\t\t\t<\/div>\n\t\t<\/section>\n\t\t\t\t\t\t\t<\/div>\n\t\t","protected":false},"excerpt":{"rendered":"<p>Sportverletzungen Hobby- und Leistungssportler beanspruchen Ihre Muskulatur, die Gelenke und den Bandapparat weit \u00fcber das normale Ma\u00df hinaus. Im Profi- und Freizeitsport kommt es nicht selten zur schweren Verletzungen und erheblichen Verschlei\u00dferscheinungen. Wir helfen das urspr\u00fcngliche Leistungsverm\u00f6gen nach Verletzungen oder Operationen wiederherzustellen. Leistungsverm\u00f6gen wiederherstellen Besonderes Wissen und Verst\u00e4ndnis f\u00fcr die Entstehung von Sportverletzungen Postoperative Physiotherapie [&hellip;]<\/p>\n","protected":false},"author":1,"featured_media":293,"parent":0,"menu_order":0,"comment_status":"closed","ping_status":"closed","template":"","meta":{"footnotes":""},"class_list":["post-359","page","type-page","status-publish","has-post-thumbnail","hentry"],"_links":{"self":[{"href":"https:\/\/sites.aopc.com\/recover\/wp-json\/wp\/v2\/pages\/359","targetHints":{"allow":["GET"]}}],"collection":[{"href":"https:\/\/sites.aopc.com\/recover\/wp-json\/wp\/v2\/pages"}],"about":[{"href":"https:\/\/sites.aopc.com\/recover\/wp-json\/wp\/v2\/types\/page"}],"author":[{"embeddable":true,"href":"https:\/\/sites.aopc.com\/recover\/wp-json\/wp\/v2\/users\/1"}],"replies":[{"embeddable":true,"href":"https:\/\/sites.aopc.com\/recover\/wp-json\/wp\/v2\/comments?post=359"}],"version-history":[{"count":47,"href":"https:\/\/sites.aopc.com\/recover\/wp-json\/wp\/v2\/pages\/359\/revisions"}],"predecessor-version":[{"id":1513,"href":"https:\/\/sites.aopc.com\/recover\/wp-json\/wp\/v2\/pages\/359\/revisions\/1513"}],"wp:featuredmedia":[{"embeddable":true,"href":"https:\/\/sites.aopc.com\/recover\/wp-json\/wp\/v2\/media\/293"}],"wp:attachment":[{"href":"https:\/\/sites.aopc.com\/recover\/wp-json\/wp\/v2\/media?parent=359"}],"curies":[{"name":"wp","href":"https:\/\/api.w.org\/{rel}","templated":true}]}}